{"id":279,"date":"2021-09-09T19:46:25","date_gmt":"2021-09-09T19:46:25","guid":{"rendered":"https:\/\/parquesyjardines.com.mx\/?page_id=279"},"modified":"2021-09-09T21:05:26","modified_gmt":"2021-09-09T21:05:26","slug":"portafolio","status":"publish","type":"page","link":"https:\/\/parquesyjardines.com.mx\/index.php\/portafolio\/","title":{"rendered":"Servicios"},"content":{"rendered":"\t\t<div data-elementor-type=\"wp-page\" data-elementor-id=\"279\" class=\"elementor elementor-279\" data-elementor-settings=\"[]\">\n\t\t\t\t\t\t\t<div class=\"elementor-section-wrap\">\n\t\t\t\t\t\t\t<section class=\"elementor-section elementor-top-section elementor-element elementor-element-26691e2a elementor-section-content-middle elementor-section-boxed elementor-section-height-default elementor-section-height-default\" data-id=\"26691e2a\" data-element_type=\"section\" data-settings=\"{&quot;background_background&quot;:&quot;classic&quot;}\">\n\t\t\t\t\t\t<div class=\"elementor-container elementor-column-gap-default\">\n\t\t\t\t\t<div class=\"elementor-column elementor-col-50 elementor-top-column elementor-element elementor-element-30befaca\" data-id=\"30befaca\" data-element_type=\"column\">\n\t\t\t<div class=\"elementor-widget-wrap elementor-element-populated\">\n\t\t\t\t\t\t\t\t<div class=\"elementor-element elementor-element-63bc7cae elementor-widget elementor-widget-heading\" data-id=\"63bc7cae\" data-element_type=\"widget\" data-widget_type=\"heading.default\">\n\t\t\t\t<div class=\"elementor-widget-container\">\n\t\t\t<h3 class=\"elementor-heading-title elementor-size-large\">LINEA DE EQUIPAMENTOS Y SERVICIOS<\/h3>\t\t<\/div>\n\t\t\t\t<\/div>\n\t\t\t\t<section class=\"elementor-section elementor-inner-section elementor-element elementor-element-6f8ab34c elementor-section-boxed elementor-section-height-default elementor-section-height-default\" data-id=\"6f8ab34c\" data-element_type=\"section\">\n\t\t\t\t\t\t<div class=\"elementor-container elementor-column-gap-wide\">\n\t\t\t\t\t<div class=\"elementor-column elementor-col-50 elementor-inner-column elementor-element elementor-element-449d9bb8\" data-id=\"449d9bb8\" data-element_type=\"column\">\n\t\t\t<div class=\"elementor-widget-wrap elementor-element-populated\">\n\t\t\t\t\t\t\t\t<div class=\"elementor-element elementor-element-2ded8a5c elementor-position-left elementor-view-default elementor-vertical-align-top elementor-widget elementor-widget-icon-box\" data-id=\"2ded8a5c\" data-element_type=\"widget\" data-widget_type=\"icon-box.default\">\n\t\t\t\t<div class=\"elementor-widget-container\">\n\t\t\t\t\t<div class=\"elementor-icon-box-wrapper\">\n\t\t\t\t\t\t<div class=\"elementor-icon-box-icon\">\n\t\t\t\t<span class=\"elementor-icon elementor-animation-\" >\n\t\t\t\t<i aria-hidden=\"true\" class=\"fas fa-briefcase-medical\"><\/i>\t\t\t\t<\/span>\n\t\t\t<\/div>\n\t\t\t\t\t\t<div class=\"elementor-icon-box-content\">\n\t\t\t\t<h3 class=\"elementor-icon-box-title\">\n\t\t\t\t\t<span  >\n\t\t\t\t\t\tCuidado\t\t\t\t\t<\/span>\n\t\t\t\t<\/h3>\n\t\t\t\t\t\t\t\t\t<p class=\"elementor-icon-box-description\">\n\t\t\t\t\t\tContamos tambi\u00e9n con equipo de \u00faltima generaci\u00f3n en descompactaci\u00f3n de suelo AIRSPADE\u00ae de uno de cinco existentes en el pa\u00eds con el cual exploramos y tratamos el sistema radical de los \u00e1rboles sin da\u00f1arlo, hidrolavadoras para tratamientos de retiro de cal en los troncos de los \u00e1rboles y otros tratamientos complementarios.\n\t\t\t\t\t<\/p>\n\t\t\t\t\t\t\t<\/div>\n\t\t<\/div>\n\t\t\t\t<\/div>\n\t\t\t\t<\/div>\n\t\t\t\t<div class=\"elementor-element elementor-element-2ed4b7bb elementor-position-left elementor-view-default elementor-vertical-align-top elementor-widget elementor-widget-icon-box\" data-id=\"2ed4b7bb\" data-element_type=\"widget\" data-widget_type=\"icon-box.default\">\n\t\t\t\t<div class=\"elementor-widget-container\">\n\t\t\t\t\t<div class=\"elementor-icon-box-wrapper\">\n\t\t\t\t\t\t<div class=\"elementor-icon-box-icon\">\n\t\t\t\t<span class=\"elementor-icon elementor-animation-\" >\n\t\t\t\t<i aria-hidden=\"true\" class=\"fas fa-recycle\"><\/i>\t\t\t\t<\/span>\n\t\t\t<\/div>\n\t\t\t\t\t\t<div class=\"elementor-icon-box-content\">\n\t\t\t\t<h3 class=\"elementor-icon-box-title\">\n\t\t\t\t\t<span  >\n\t\t\t\t\t\tResiduos Verdes\t\t\t\t\t<\/span>\n\t\t\t\t<\/h3>\n\t\t\t\t\t\t\t\t\t<p class=\"elementor-icon-box-description\">\n\t\t\t\t\t\tNuestros residuos verdes y secos generados son triturados por nuestra Trituradora (Chipper) para finalmente ser trasladados y procesados en un acolchado org\u00e1nico (mulch) para ser incorporado como mejorador de suelo y retenci\u00f3n de  humedad en la plantaci\u00f3n de \u00e1rboles, la hojarasca es procesada para ser convertida en composta en nuestro patio de servicio y manejo de residuos verdes.\t\t\t\t\t<\/p>\n\t\t\t\t\t\t\t<\/div>\n\t\t<\/div>\n\t\t\t\t<\/div>\n\t\t\t\t<\/div>\n\t\t\t\t\t<\/div>\n\t\t<\/div>\n\t\t\t\t<div class=\"elementor-column elementor-col-50 elementor-inner-column elementor-element elementor-element-5bdab555\" data-id=\"5bdab555\" data-element_type=\"column\">\n\t\t\t<div class=\"elementor-widget-wrap elementor-element-populated\">\n\t\t\t\t\t\t\t\t<div class=\"elementor-element elementor-element-60dd1369 elementor-position-left elementor-view-default elementor-vertical-align-top elementor-widget elementor-widget-icon-box\" data-id=\"60dd1369\" data-element_type=\"widget\" data-widget_type=\"icon-box.default\">\n\t\t\t\t<div class=\"elementor-widget-container\">\n\t\t\t\t\t<div class=\"elementor-icon-box-wrapper\">\n\t\t\t\t\t\t<div class=\"elementor-icon-box-icon\">\n\t\t\t\t<span class=\"elementor-icon elementor-animation-\" >\n\t\t\t\t<i aria-hidden=\"true\" class=\"fas fa-briefcase\"><\/i>\t\t\t\t<\/span>\n\t\t\t<\/div>\n\t\t\t\t\t\t<div class=\"elementor-icon-box-content\">\n\t\t\t\t<h3 class=\"elementor-icon-box-title\">\n\t\t\t\t\t<span  >\n\t\t\t\t\t\tNormas\t\t\t\t\t<\/span>\n\t\t\t\t<\/h3>\n\t\t\t\t\t\t\t\t\t<p class=\"elementor-icon-box-description\">\n\t\t\t\t\t\tTrabajamos de acuerdo a normas establecidas por SEMARNAT- CONAFOR y NAE-SEMADES 001\/2003 en el cuidado de arbolado, cada elemento de nuestro equipo t\u00e9cnico - operativo cuenta con su equipo de seguridad y con equipo necesario para los trabajos.<br><br>\t\t\t\t\t<\/p>\n\t\t\t\t\t\t\t<\/div>\n\t\t<\/div>\n\t\t\t\t<\/div>\n\t\t\t\t<\/div>\n\t\t\t\t<div class=\"elementor-element elementor-element-09e2a89 elementor-position-left elementor-view-default elementor-vertical-align-top elementor-widget elementor-widget-icon-box\" data-id=\"09e2a89\" data-element_type=\"widget\" data-widget_type=\"icon-box.default\">\n\t\t\t\t<div class=\"elementor-widget-container\">\n\t\t\t\t\t<div class=\"elementor-icon-box-wrapper\">\n\t\t\t\t\t\t<div class=\"elementor-icon-box-icon\">\n\t\t\t\t<span class=\"elementor-icon elementor-animation-\" >\n\t\t\t\t<i aria-hidden=\"true\" class=\"fas fa-bug\"><\/i>\t\t\t\t<\/span>\n\t\t\t<\/div>\n\t\t\t\t\t\t<div class=\"elementor-icon-box-content\">\n\t\t\t\t<h3 class=\"elementor-icon-box-title\">\n\t\t\t\t\t<span  >\n\t\t\t\t\t\tManejo de Plagas\t\t\t\t\t<\/span>\n\t\t\t\t<\/h3>\n\t\t\t\t\t\t\t\t\t<p class=\"elementor-icon-box-description\">\n\t\t\t\t\t\t En el manejo de plagas y enfermedades empleamos equipos de inyecci\u00f3n sist\u00e9mica en los \u00e1rboles bajo el sistema inyector-M\u00e9xico.\nPara trasplantes contamos con tripie o si el caso lo amerita subcontratamos equipos especializados de carga como gr\u00faas y\/o trasporte como tractor con cama baja.\t\t\t\t\t<\/p>\n\t\t\t\t\t\t\t<\/div>\n\t\t<\/div>\n\t\t\t\t<\/div>\n\t\t\t\t<\/div>\n\t\t\t\t\t<\/div>\n\t\t<\/div>\n\t\t\t\t\t\t\t<\/div>\n\t\t<\/section>\n\t\t\t\t\t<\/div>\n\t\t<\/div>\n\t\t\t\t<div class=\"elementor-column elementor-col-50 elementor-top-column elementor-element elementor-element-7fca1dd5\" data-id=\"7fca1dd5\" data-element_type=\"column\">\n\t\t\t<div class=\"elementor-widget-wrap elementor-element-populated\">\n\t\t\t\t\t\t\t\t<div class=\"elementor-element elementor-element-8c9b22f elementor-widget elementor-widget-image-gallery\" data-id=\"8c9b22f\" data-element_type=\"widget\" data-widget_type=\"image-gallery.default\">\n\t\t\t\t<div class=\"elementor-widget-container\">\n\t\t\t\t\t<div class=\"elementor-image-gallery\">\n\t\t\t<div id='gallery-1' class='gallery galleryid-279 gallery-columns-2 gallery-size-full'><figure class='gallery-item'>\n\t\t\t<div class='gallery-icon portrait'>\n\t\t\t\t<a data-elementor-open-lightbox=\"yes\" data-elementor-lightbox-slideshow=\"8c9b22f\" href='https:\/\/parquesyjardines.com.mx\/wp-content\/uploads\/2021\/09\/Imagen19-1.jpg'><img loading=\"lazy\" decoding=\"async\" width=\"310\" height=\"413\" src=\"https:\/\/parquesyjardines.com.mx\/wp-content\/uploads\/2021\/09\/Imagen19-1.jpg\" class=\"attachment-full size-full\" alt=\"\" srcset=\"https:\/\/parquesyjardines.com.mx\/wp-content\/uploads\/2021\/09\/Imagen19-1.jpg 310w, https:\/\/parquesyjardines.com.mx\/wp-content\/uploads\/2021\/09\/Imagen19-1-225x300.jpg 225w\" sizes=\"auto, (max-width: 310px) 100vw, 310px\" \/><\/a>\n\t\t\t<\/div><\/figure><figure class='gallery-item'>\n\t\t\t<div class='gallery-icon portrait'>\n\t\t\t\t<a data-elementor-open-lightbox=\"yes\" data-elementor-lightbox-slideshow=\"8c9b22f\" href='https:\/\/parquesyjardines.com.mx\/wp-content\/uploads\/2021\/09\/Imagen20-1.jpg'><img loading=\"lazy\" decoding=\"async\" width=\"1063\" height=\"1421\" src=\"https:\/\/parquesyjardines.com.mx\/wp-content\/uploads\/2021\/09\/Imagen20-1.jpg\" class=\"attachment-full size-full\" alt=\"\" srcset=\"https:\/\/parquesyjardines.com.mx\/wp-content\/uploads\/2021\/09\/Imagen20-1.jpg 1063w, https:\/\/parquesyjardines.com.mx\/wp-content\/uploads\/2021\/09\/Imagen20-1-224x300.jpg 224w, https:\/\/parquesyjardines.com.mx\/wp-content\/uploads\/2021\/09\/Imagen20-1-766x1024.jpg 766w, https:\/\/parquesyjardines.com.mx\/wp-content\/uploads\/2021\/09\/Imagen20-1-768x1027.jpg 768w\" sizes=\"auto, (max-width: 1063px) 100vw, 1063px\" \/><\/a>\n\t\t\t<\/div><\/figure><figure class='gallery-item'>\n\t\t\t<div class='gallery-icon landscape'>\n\t\t\t\t<a data-elementor-open-lightbox=\"yes\" data-elementor-lightbox-slideshow=\"8c9b22f\" href='https:\/\/parquesyjardines.com.mx\/wp-content\/uploads\/2021\/09\/Imagen25-1.jpg'><img loading=\"lazy\" decoding=\"async\" width=\"303\" height=\"173\" src=\"https:\/\/parquesyjardines.com.mx\/wp-content\/uploads\/2021\/09\/Imagen25-1.jpg\" class=\"attachment-full size-full\" alt=\"\" srcset=\"https:\/\/parquesyjardines.com.mx\/wp-content\/uploads\/2021\/09\/Imagen25-1.jpg 303w, https:\/\/parquesyjardines.com.mx\/wp-content\/uploads\/2021\/09\/Imagen25-1-300x171.jpg 300w\" sizes=\"auto, (max-width: 303px) 100vw, 303px\" \/><\/a>\n\t\t\t<\/div><\/figure><figure class='gallery-item'>\n\t\t\t<div class='gallery-icon landscape'>\n\t\t\t\t<a data-elementor-open-lightbox=\"yes\" data-elementor-lightbox-slideshow=\"8c9b22f\" href='https:\/\/parquesyjardines.com.mx\/wp-content\/uploads\/2021\/09\/Imagen23.jpg'><img loading=\"lazy\" decoding=\"async\" width=\"303\" height=\"174\" src=\"https:\/\/parquesyjardines.com.mx\/wp-content\/uploads\/2021\/09\/Imagen23.jpg\" class=\"attachment-full size-full\" alt=\"\" srcset=\"https:\/\/parquesyjardines.com.mx\/wp-content\/uploads\/2021\/09\/Imagen23.jpg 303w, https:\/\/parquesyjardines.com.mx\/wp-content\/uploads\/2021\/09\/Imagen23-300x172.jpg 300w\" sizes=\"auto, (max-width: 303px) 100vw, 303px\" \/><\/a>\n\t\t\t<\/div><\/figure><figure class='gallery-item'>\n\t\t\t<div class='gallery-icon portrait'>\n\t\t\t\t<a data-elementor-open-lightbox=\"yes\" data-elementor-lightbox-slideshow=\"8c9b22f\" href='https:\/\/parquesyjardines.com.mx\/wp-content\/uploads\/2021\/09\/Imagen2.jpg'><img loading=\"lazy\" decoding=\"async\" width=\"1332\" height=\"1716\" src=\"https:\/\/parquesyjardines.com.mx\/wp-content\/uploads\/2021\/09\/Imagen2.jpg\" class=\"attachment-full size-full\" alt=\"\" srcset=\"https:\/\/parquesyjardines.com.mx\/wp-content\/uploads\/2021\/09\/Imagen2.jpg 1332w, https:\/\/parquesyjardines.com.mx\/wp-content\/uploads\/2021\/09\/Imagen2-233x300.jpg 233w, https:\/\/parquesyjardines.com.mx\/wp-content\/uploads\/2021\/09\/Imagen2-795x1024.jpg 795w, https:\/\/parquesyjardines.com.mx\/wp-content\/uploads\/2021\/09\/Imagen2-768x989.jpg 768w, https:\/\/parquesyjardines.com.mx\/wp-content\/uploads\/2021\/09\/Imagen2-1192x1536.jpg 1192w\" sizes=\"auto, (max-width: 1332px) 100vw, 1332px\" \/><\/a>\n\t\t\t<\/div><\/figure><figure class='gallery-item'>\n\t\t\t<div class='gallery-icon portrait'>\n\t\t\t\t<a data-elementor-open-lightbox=\"yes\" data-elementor-lightbox-slideshow=\"8c9b22f\" href='https:\/\/parquesyjardines.com.mx\/wp-content\/uploads\/2021\/09\/Imagen32.jpg'><img loading=\"lazy\" decoding=\"async\" width=\"320\" height=\"435\" src=\"https:\/\/parquesyjardines.com.mx\/wp-content\/uploads\/2021\/09\/Imagen32.jpg\" class=\"attachment-full size-full\" alt=\"\" srcset=\"https:\/\/parquesyjardines.com.mx\/wp-content\/uploads\/2021\/09\/Imagen32.jpg 320w, https:\/\/parquesyjardines.com.mx\/wp-content\/uploads\/2021\/09\/Imagen32-221x300.jpg 221w\" sizes=\"auto, (max-width: 320px) 100vw, 320px\" \/><\/a>\n\t\t\t<\/div><\/figure><figure class='gallery-item'>\n\t\t\t<div class='gallery-icon landscape'>\n\t\t\t\t<a data-elementor-open-lightbox=\"yes\" data-elementor-lightbox-slideshow=\"8c9b22f\" href='https:\/\/parquesyjardines.com.mx\/wp-content\/uploads\/2021\/09\/INYECTOR-1.jpeg'><img loading=\"lazy\" decoding=\"async\" width=\"550\" height=\"336\" src=\"https:\/\/parquesyjardines.com.mx\/wp-content\/uploads\/2021\/09\/INYECTOR-1.jpeg\" class=\"attachment-full size-full\" alt=\"\" srcset=\"https:\/\/parquesyjardines.com.mx\/wp-content\/uploads\/2021\/09\/INYECTOR-1.jpeg 550w, https:\/\/parquesyjardines.com.mx\/wp-content\/uploads\/2021\/09\/INYECTOR-1-300x183.jpeg 300w\" sizes=\"auto, (max-width: 550px) 100vw, 550px\" \/><\/a>\n\t\t\t<\/div><\/figure><figure class='gallery-item'>\n\t\t\t<div class='gallery-icon landscape'>\n\t\t\t\t<a data-elementor-open-lightbox=\"yes\" data-elementor-lightbox-slideshow=\"8c9b22f\" href='https:\/\/parquesyjardines.com.mx\/wp-content\/uploads\/2021\/09\/DESCOMPACTADORA-1.jpg'><img loading=\"lazy\" decoding=\"async\" width=\"300\" height=\"225\" src=\"https:\/\/parquesyjardines.com.mx\/wp-content\/uploads\/2021\/09\/DESCOMPACTADORA-1.jpg\" class=\"attachment-full size-full\" alt=\"\" \/><\/a>\n\t\t\t<\/div><\/figure>\n\t\t<\/div>\n\t\t<\/div>\n\t\t\t\t<\/div>\n\t\t\t\t<\/div>\n\t\t\t\t\t<\/div>\n\t\t<\/div>\n\t\t\t\t\t\t\t<\/div>\n\t\t<\/section>\n\t\t\t\t\t\t<\/div>\n\t\t\t\t\t<\/div>\n\t\t","protected":false},"excerpt":{"rendered":"<p>LINEA DE EQUIPAMENTOS Y SERVICIOS Cuidado Contamos tambi\u00e9n con equipo de \u00faltima generaci\u00f3n en descompactaci\u00f3n de suelo AIRSPADE\u00ae de uno de cinco existentes en el pa\u00eds con el cual exploramos y tratamos el sistema radical de los \u00e1rboles sin da\u00f1arlo, hidrolavadoras para tratamientos de retiro de cal en los troncos de los \u00e1rboles y otros &hellip;<\/p>\n<p class=\"read-more\"> <a class=\"\" href=\"https:\/\/parquesyjardines.com.mx\/index.php\/portafolio\/\"> <span class=\"screen-reader-text\">Servicios<\/span> Leer m\u00e1s &raquo;<\/a><\/p>\n","protected":false},"author":1,"featured_media":0,"parent":0,"menu_order":0,"comment_status":"closed","ping_status":"closed","template":"","meta":{"footnotes":""},"class_list":["post-279","page","type-page","status-publish","hentry"],"_links":{"self":[{"href":"https:\/\/parquesyjardines.com.mx\/index.php\/wp-json\/wp\/v2\/pages\/279","targetHints":{"allow":["GET"]}}],"collection":[{"href":"https:\/\/parquesyjardines.com.mx\/index.php\/wp-json\/wp\/v2\/pages"}],"about":[{"href":"https:\/\/parquesyjardines.com.mx\/index.php\/wp-json\/wp\/v2\/types\/page"}],"author":[{"embeddable":true,"href":"https:\/\/parquesyjardines.com.mx\/index.php\/wp-json\/wp\/v2\/users\/1"}],"replies":[{"embeddable":true,"href":"https:\/\/parquesyjardines.com.mx\/index.php\/wp-json\/wp\/v2\/comments?post=279"}],"version-history":[{"count":38,"href":"https:\/\/parquesyjardines.com.mx\/index.php\/wp-json\/wp\/v2\/pages\/279\/revisions"}],"predecessor-version":[{"id":347,"href":"https:\/\/parquesyjardines.com.mx\/index.php\/wp-json\/wp\/v2\/pages\/279\/revisions\/347"}],"wp:attachment":[{"href":"https:\/\/parquesyjardines.com.mx\/index.php\/wp-json\/wp\/v2\/media?parent=279"}],"curies":[{"name":"wp","href":"https:\/\/api.w.org\/{rel}","templated":true}]}}